{"id":21,"date":"2015-07-09T11:09:13","date_gmt":"2015-07-09T11:09:13","guid":{"rendered":"http:\/\/themes.muffingroup.com\/be\/digital\/?page_id=21"},"modified":"2023-01-19T20:01:28","modified_gmt":"2023-01-19T20:01:28","slug":"cozumler","status":"publish","type":"page","link":"https:\/\/akturksoft.com\/?page_id=21","title":{"rendered":"\u00c7\u00d6Z\u00dcMLER\u0130M\u0130Z"},"content":{"rendered":"","protected":false},"excerpt":{"rendered":"","protected":false},"author":1,"featured_media":0,"parent":0,"menu_order":0,"comment_status":"open","ping_status":"open","template":"","meta":{"content-type":"","_monsterinsights_skip_tracking":false,"_monsterinsights_sitenote_active":false,"_monsterinsights_sitenote_note":"","_monsterinsights_sitenote_category":0,"_joinchat":[],"footnotes":""},"class_list":["post-21","page","type-page","status-publish","hentry"],"yoast_head":"<!-- This site is optimized with the Yoast SEO Premium plugin v20.13 (Yoast SEO v27.5) - https:\/\/yoast.com\/product\/yoast-seo-premium-wordpress\/ -->\n<title>\u00c7\u00d6Z\u00dcMLER\u0130M\u0130Z - AkturkSoft % %<\/title>\n<meta name=\"description\" content=\"Akt\u00fcrk Soft g\u00fcvenli dijital \u00e7\u00f6z\u00fcm sistemleri. \u0130\u015fletmenize \u00f6zg\u00fc kurumsal \u00e7al\u0131\u015fmalar yapmaktay\u0131z. Web siteleri, kurumsal kimlik \u00e7al\u0131\u015fmalar\u0131, AkturkSoft \u00c7\u00d6Z\u00dcMLER\u0130M\u0130Z -\" \/>\n<meta name=\"robots\" content=\"index, follow, max-snippet:-1, max-image-preview:large, max-video-preview:-1\" \/>\n<link rel=\"canonical\" href=\"https:\/\/akturksoft.com\/?page_id=21\" \/>\n<meta property=\"og:locale\" content=\"tr_TR\" \/>\n<meta property=\"og:type\" content=\"article\" \/>\n<meta property=\"og:title\" content=\"\u00c7\u00d6Z\u00dcMLER\u0130M\u0130Z\" \/>\n<meta property=\"og:description\" content=\"Akt\u00fcrk Soft g\u00fcvenli dijital \u00e7\u00f6z\u00fcm sistemleri. \u0130\u015fletmenize \u00f6zg\u00fc kurumsal \u00e7al\u0131\u015fmalar yapmaktay\u0131z. Web siteleri, kurumsal kimlik \u00e7al\u0131\u015fmalar\u0131, AkturkSoft \u00c7\u00d6Z\u00dcMLER\u0130M\u0130Z -\" \/>\n<meta property=\"og:url\" content=\"https:\/\/akturksoft.com\/?page_id=21\" \/>\n<meta property=\"og:site_name\" content=\"AkturkSoft\" \/>\n<meta property=\"article:modified_time\" content=\"2023-01-19T20:01:28+00:00\" \/>\n<meta name=\"twitter:card\" content=\"summary_large_image\" \/>\n<script type=\"application\/ld+json\" class=\"yoast-schema-graph\">{\"@context\":\"https:\\\/\\\/schema.org\",\"@graph\":[{\"@type\":\"WebPage\",\"@id\":\"https:\\\/\\\/akturksoft.com\\\/?page_id=21\",\"url\":\"https:\\\/\\\/akturksoft.com\\\/?page_id=21\",\"name\":\"\u00c7\u00d6Z\u00dcMLER\u0130M\u0130Z - AkturkSoft % %\",\"isPartOf\":{\"@id\":\"https:\\\/\\\/akturksoft.com\\\/#website\"},\"datePublished\":\"2015-07-09T11:09:13+00:00\",\"dateModified\":\"2023-01-19T20:01:28+00:00\",\"description\":\"Akt\u00fcrk Soft g\u00fcvenli dijital \u00e7\u00f6z\u00fcm sistemleri. \u0130\u015fletmenize \u00f6zg\u00fc kurumsal \u00e7al\u0131\u015fmalar yapmaktay\u0131z. Web siteleri, kurumsal kimlik \u00e7al\u0131\u015fmalar\u0131, AkturkSoft \u00c7\u00d6Z\u00dcMLER\u0130M\u0130Z -\",\"breadcrumb\":{\"@id\":\"https:\\\/\\\/akturksoft.com\\\/?page_id=21#breadcrumb\"},\"inLanguage\":\"tr\",\"potentialAction\":[{\"@type\":\"ReadAction\",\"target\":[\"https:\\\/\\\/akturksoft.com\\\/?page_id=21\"]}]},{\"@type\":\"BreadcrumbList\",\"@id\":\"https:\\\/\\\/akturksoft.com\\\/?page_id=21#breadcrumb\",\"itemListElement\":[{\"@type\":\"ListItem\",\"position\":1,\"name\":\"Anasayfa\",\"item\":\"https:\\\/\\\/akturksoft.com\\\/\"},{\"@type\":\"ListItem\",\"position\":2,\"name\":\"\u00c7\u00d6Z\u00dcMLER\u0130M\u0130Z\"}]},{\"@type\":\"WebSite\",\"@id\":\"https:\\\/\\\/akturksoft.com\\\/#website\",\"url\":\"https:\\\/\\\/akturksoft.com\\\/\",\"name\":\"AkturkSoft\",\"description\":\"G&uuml;venli Dijital &Ccedil;&ouml;z&uuml;mler\",\"publisher\":{\"@id\":\"https:\\\/\\\/akturksoft.com\\\/#organization\"},\"potentialAction\":[{\"@type\":\"SearchAction\",\"target\":{\"@type\":\"EntryPoint\",\"urlTemplate\":\"https:\\\/\\\/akturksoft.com\\\/?s={search_term_string}\"},\"query-input\":{\"@type\":\"PropertyValueSpecification\",\"valueRequired\":true,\"valueName\":\"search_term_string\"}}],\"inLanguage\":\"tr\"},{\"@type\":\"Organization\",\"@id\":\"https:\\\/\\\/akturksoft.com\\\/#organization\",\"name\":\"AKT\u00dcRK SOFT\",\"url\":\"https:\\\/\\\/akturksoft.com\\\/\",\"logo\":{\"@type\":\"ImageObject\",\"inLanguage\":\"tr\",\"@id\":\"https:\\\/\\\/akturksoft.com\\\/#\\\/schema\\\/logo\\\/image\\\/\",\"url\":\"https:\\\/\\\/akturksoft.com\\\/wp-content\\\/uploads\\\/2021\\\/09\\\/WhatsApp-Image-2021-09-21-at-09.28.06.jpeg\",\"contentUrl\":\"https:\\\/\\\/akturksoft.com\\\/wp-content\\\/uploads\\\/2021\\\/09\\\/WhatsApp-Image-2021-09-21-at-09.28.06.jpeg\",\"width\":1600,\"height\":700,\"caption\":\"AKT\u00dcRK SOFT\"},\"image\":{\"@id\":\"https:\\\/\\\/akturksoft.com\\\/#\\\/schema\\\/logo\\\/image\\\/\"}}]}<\/script>\n<!-- \/ Yoast SEO Premium plugin. -->","yoast_head_json":{"title":"\u00c7\u00d6Z\u00dcMLER\u0130M\u0130Z - AkturkSoft % %","description":"Akt\u00fcrk Soft g\u00fcvenli dijital \u00e7\u00f6z\u00fcm sistemleri. \u0130\u015fletmenize \u00f6zg\u00fc kurumsal \u00e7al\u0131\u015fmalar yapmaktay\u0131z. Web siteleri, kurumsal kimlik \u00e7al\u0131\u015fmalar\u0131, AkturkSoft \u00c7\u00d6Z\u00dcMLER\u0130M\u0130Z -","robots":{"index":"index","follow":"follow","max-snippet":"max-snippet:-1","max-image-preview":"max-image-preview:large","max-video-preview":"max-video-preview:-1"},"canonical":"https:\/\/akturksoft.com\/?page_id=21","og_locale":"tr_TR","og_type":"article","og_title":"\u00c7\u00d6Z\u00dcMLER\u0130M\u0130Z","og_description":"Akt\u00fcrk Soft g\u00fcvenli dijital \u00e7\u00f6z\u00fcm sistemleri. \u0130\u015fletmenize \u00f6zg\u00fc kurumsal \u00e7al\u0131\u015fmalar yapmaktay\u0131z. Web siteleri, kurumsal kimlik \u00e7al\u0131\u015fmalar\u0131, AkturkSoft \u00c7\u00d6Z\u00dcMLER\u0130M\u0130Z -","og_url":"https:\/\/akturksoft.com\/?page_id=21","og_site_name":"AkturkSoft","article_modified_time":"2023-01-19T20:01:28+00:00","twitter_card":"summary_large_image","schema":{"@context":"https:\/\/schema.org","@graph":[{"@type":"WebPage","@id":"https:\/\/akturksoft.com\/?page_id=21","url":"https:\/\/akturksoft.com\/?page_id=21","name":"\u00c7\u00d6Z\u00dcMLER\u0130M\u0130Z - AkturkSoft % %","isPartOf":{"@id":"https:\/\/akturksoft.com\/#website"},"datePublished":"2015-07-09T11:09:13+00:00","dateModified":"2023-01-19T20:01:28+00:00","description":"Akt\u00fcrk Soft g\u00fcvenli dijital \u00e7\u00f6z\u00fcm sistemleri. \u0130\u015fletmenize \u00f6zg\u00fc kurumsal \u00e7al\u0131\u015fmalar yapmaktay\u0131z. Web siteleri, kurumsal kimlik \u00e7al\u0131\u015fmalar\u0131, AkturkSoft \u00c7\u00d6Z\u00dcMLER\u0130M\u0130Z -","breadcrumb":{"@id":"https:\/\/akturksoft.com\/?page_id=21#breadcrumb"},"inLanguage":"tr","potentialAction":[{"@type":"ReadAction","target":["https:\/\/akturksoft.com\/?page_id=21"]}]},{"@type":"BreadcrumbList","@id":"https:\/\/akturksoft.com\/?page_id=21#breadcrumb","itemListElement":[{"@type":"ListItem","position":1,"name":"Anasayfa","item":"https:\/\/akturksoft.com\/"},{"@type":"ListItem","position":2,"name":"\u00c7\u00d6Z\u00dcMLER\u0130M\u0130Z"}]},{"@type":"WebSite","@id":"https:\/\/akturksoft.com\/#website","url":"https:\/\/akturksoft.com\/","name":"AkturkSoft","description":"G&uuml;venli Dijital &Ccedil;&ouml;z&uuml;mler","publisher":{"@id":"https:\/\/akturksoft.com\/#organization"},"potentialAction":[{"@type":"SearchAction","target":{"@type":"EntryPoint","urlTemplate":"https:\/\/akturksoft.com\/?s={search_term_string}"},"query-input":{"@type":"PropertyValueSpecification","valueRequired":true,"valueName":"search_term_string"}}],"inLanguage":"tr"},{"@type":"Organization","@id":"https:\/\/akturksoft.com\/#organization","name":"AKT\u00dcRK SOFT","url":"https:\/\/akturksoft.com\/","logo":{"@type":"ImageObject","inLanguage":"tr","@id":"https:\/\/akturksoft.com\/#\/schema\/logo\/image\/","url":"https:\/\/akturksoft.com\/wp-content\/uploads\/2021\/09\/WhatsApp-Image-2021-09-21-at-09.28.06.jpeg","contentUrl":"https:\/\/akturksoft.com\/wp-content\/uploads\/2021\/09\/WhatsApp-Image-2021-09-21-at-09.28.06.jpeg","width":1600,"height":700,"caption":"AKT\u00dcRK SOFT"},"image":{"@id":"https:\/\/akturksoft.com\/#\/schema\/logo\/image\/"}}]}},"_links":{"self":[{"href":"https:\/\/akturksoft.com\/index.php?rest_route=\/wp\/v2\/pages\/21","targetHints":{"allow":["GET"]}}],"collection":[{"href":"https:\/\/akturksoft.com\/index.php?rest_route=\/wp\/v2\/pages"}],"about":[{"href":"https:\/\/akturksoft.com\/index.php?rest_route=\/wp\/v2\/types\/page"}],"author":[{"embeddable":true,"href":"https:\/\/akturksoft.com\/index.php?rest_route=\/wp\/v2\/users\/1"}],"replies":[{"embeddable":true,"href":"https:\/\/akturksoft.com\/index.php?rest_route=%2Fwp%2Fv2%2Fcomments&post=21"}],"version-history":[{"count":1,"href":"https:\/\/akturksoft.com\/index.php?rest_route=\/wp\/v2\/pages\/21\/revisions"}],"predecessor-version":[{"id":2280,"href":"https:\/\/akturksoft.com\/index.php?rest_route=\/wp\/v2\/pages\/21\/revisions\/2280"}],"wp:attachment":[{"href":"https:\/\/akturksoft.com\/index.php?rest_route=%2Fwp%2Fv2%2Fmedia&parent=21"}],"curies":[{"name":"wp","href":"https:\/\/api.w.org\/{rel}","templated":true}]}}